NOAA-Style Climate Reports


Report for 2017 September
                  MONTHLY CLIMATOLOGICAL SUMMARY FOR 9/2017
                                        HEAT  COOL        
     MEAN                               DEG   DEG       WIND SPEED       DOM MEAN  MEAN
DAY  TEMP  HIGH   TIME     LOW   TIME   DAYS  DAYS RAIN AVG  HI  TIME    DIR BAROM HUM
---------------------------------------------------------------------------------------
1    56.4  68.5    16:14  44.2     6:30    9    0  0.00   0   8     2:00  NE 30.16   71
2    52.0  66.2    13:15  37.8     6:10   13    0  0.13   0   3    12:53  NE 30.18   90
3    59.7  68.2    14:50  55.5    23:49    5    0  0.50   0   6    14:41  NE 29.93   95
4    65.3  81.6    14:56  49.3     6:30    5    5  0.00   0  11    16:10  NE 29.90   82
5    69.1  80.1    12:52  62.7     6:37    0    4  0.29   0  10    12:56  NE 29.76   89
6    59.9  65.4     0:12  57.1    23:28    5    0  0.65   0   3    21:49  NE 29.88   98
7    60.1  71.7    16:01  53.7     3:04    6    1  0.00   0  12    14:27   W 29.91   85
8    57.3  69.9    15:35  47.3    23:57    8    0  0.00   0   8    14:00   W 30.12   85
9    54.7  62.8    13:53  44.2     3:02   18    0  0.00   0   8    10:12   W 30.32   83
10   56.6  72.4    16:08  44.4     6:14    9    1  0.00   0   8    14:15  NW 30.40   79
11   56.4  77.7    15:37  41.7     5:30   11    2  0.00   0   4    12:49 WNW 30.29   84
12   60.1  79.0    15:11  46.9     4:43    7    2  0.00   0   4    14:56  NW 30.03   86
13   62.3  73.4    12:37  50.7     3:16   11    4  0.02   0   9    12:13   W 29.90   94
14   67.5  77.6    15:57  61.9     6:32   12    7  0.01   0   6    15:23   W 29.86   92
15   70.6  83.8    15:49  63.0    23:59    0    5  0.00   0   5    14:12  NW 30.04   86
16   68.2  81.5    14:24  59.2     6:46    1    5  0.01   0   5     9:21  NW 30.13   91
17   70.2  84.6    15:16  62.5    23:56    0    5  0.00   0   5    10:01   E 30.11   90
18   69.5  86.1    15:26  59.9     2:31    1    5  0.00   0   3    10:10 NNW 30.08   87
19   69.0  84.7    15:31  58.7     3:45    1    5  0.00   0   6    11:31  NW 30.00   85
20   68.4  86.1    15:36  56.4     6:02    2    6  0.00   0   8    14:01  NW 29.95   82
21   67.9  84.0    13:44  57.1     6:44    2    5  0.00   0   5    13:00   N 30.04   87
22   66.4  85.0    14:28  53.9    23:44    4    5  0.00   0   8    11:13  NW 30.05   79
23   65.5  89.2    15:28  49.2     5:00    5    6  0.00   0   5    16:34  NW 30.08   82
24   70.4  92.4    15:09  55.5     5:44    3    8  0.00   0   5    12:36  NW 30.09   84
25   67.0  88.1    12:59  59.2     6:00    1    2  0.00   0   3    12:50  NW 30.07   92
---------------------------------------------------------------------------------------
TOT  63.6  92.4  9/24/17  37.9   9/2/17  139   85  1.61   0  11   9/4/17   W 30.05   86

HEAT BASE: 65.0
COOL BASE: 65.0