NOAA-Style Climate Reports


Report for 2018 September
                  MONTHLY CLIMATOLOGICAL SUMMARY FOR 9/2018
                                        HEAT  COOL        
     MEAN                               DEG   DEG       WIND SPEED       DOM MEAN  MEAN
DAY  TEMP  HIGH   TIME     LOW   TIME   DAYS  DAYS RAIN AVG  HI  TIME    DIR BAROM HUM
---------------------------------------------------------------------------------------
1    71.6  76.7    17:15  67.6     5:55    0    7  0.00   0   5    20:36 NNW 30.25   84
2    75.1  87.8    16:45  68.8     4:14    0   10  0.00   0   7    16:23   W 30.20   85
3    76.7  94.3    16:22  66.3     6:36    0   12  0.28   0   8    18:50   W 30.22   86
4    74.8  90.2    17:03  67.5     3:42    0   10  0.00   0   5    12:59  NW 30.24   90
5    77.7  93.5    16:23  67.3     4:21    0   13  0.00   0   7    15:10   W 30.18   87
6    75.5  91.6    13:47  70.3     6:31    0   10  0.24   0  10    15:48   W 30.12   90
7    72.3  79.1    16:16  68.5     7:27    0    7  0.00   0   4    23:55  NW 30.13   91
8    62.9  68.9     0:00  57.7    21:56    3    0  0.16   0   7    11:18  NW 30.14   86
9    54.9  59.1     0:32  52.3     7:14   10    0  0.73   0   5    23:07  NW 30.20   95
10   57.1  63.1    21:54  49.6     5:29    8    0  0.98   0  13    11:54  NW 30.12   94
11   66.1  72.1    15:19  61.6     4:39    1    2  0.31   0   5     0:00  NW 30.12   93
12   69.0  73.2    14:42  66.0     4:07    0    4  0.06   0   2    10:40  NW 30.21   97
13   72.9  79.9    16:54  67.9    23:58    0    8  0.00   0   4    11:58  NW 30.22   93
14   72.3  79.2    12:48  67.0     5:21    0    7  0.00   0   3    13:11   W 30.19   91
15   70.9  82.1    17:32  64.4    23:56    0    6  0.00   0   3     0:10 NNW 30.18   90
16   70.6  88.3    16:22  62.1     2:05    0    6  0.00   0   5    15:40   W 30.18   88
17   68.1  76.3    12:52  59.2     5:48    1    4  0.25   0  12    20:33   N 30.04   94
18   72.9  85.3    16:17  65.9    23:56    0    8  1.13   0   8    15:48  NW 29.78   89
19   69.4  81.6    16:32  61.8     4:02    0    5  0.00   0   8    15:32  NW 29.93   84
20   62.3  76.2    14:53  53.3     6:36    3    2  0.00   0   7    17:43   N 30.15   89
---------------------------------------------------------------------------------------
TOT  69.8  94.3   9/3/18  49.6  9/10/18   27  121  4.14   0  13  9/10/18  NW 30.14   90

HEAT BASE: 65.0
COOL BASE: 65.0