NOAA-Style Climate Reports


Report for 2018 July
                  MONTHLY CLIMATOLOGICAL SUMMARY FOR 7/2018
                                        HEAT  COOL        
     MEAN                               DEG   DEG       WIND SPEED       DOM MEAN  MEAN
DAY  TEMP  HIGH   TIME     LOW   TIME   DAYS  DAYS RAIN AVG  HI  TIME    DIR BAROM HUM
---------------------------------------------------------------------------------------
1    79.8  97.0    16:13  66.2     5:41    0   14  0.00   0   8    15:57   W 30.01   80
2    80.7  97.8    15:57  66.4     5:50    0   16  0.00   0   6    20:19   W 30.02   80
3    80.6  96.6    16:23  69.8     6:17    0   15  0.00   0   8    17:30  NW 30.15   80
4    75.9  91.6    12:30  69.4     5:36    0   11  0.55   0   5    13:00 WSW 30.25   90
5    78.2  92.6    16:34  69.2     1:40    0   13  0.01   0   6    13:05   W 30.21   87
6    75.1  83.8    16:30  63.7    23:30    0   10  0.04   0  11    17:30  NW 30.08   78
7    66.2  83.7    16:40  50.6     6:25    4    5  0.00   0   8    13:25  NW 30.31   65
8    67.4  87.8    16:11  49.9     5:52    5    7  0.00   0   5    15:20   W 30.32   73
9    70.8  89.9    17:09  54.3     5:55    3    9  0.00   0   9    14:27   W 30.17   73
10   73.8  92.3    15:24  58.4     5:57    1   10  0.00   0   8    15:45   W 29.94   78
11   72.9  85.2    16:47  64.6     6:34    0    8  0.00   1  10    13:49  NW 29.98   71
12   69.5  87.1    16:48  53.7     5:24    3    7  0.00   0   8     9:02  NW 30.17   66
13   71.4  88.5    14:58  56.9     5:47    2    8  0.00   0   7    13:38   W 30.19   75
14   76.7  92.2    15:47  63.6     2:14    0   12  0.16   0  12    21:44   W 30.07   75
15   75.8  89.8    16:04  69.9     5:59    0   11  0.05   0   9    14:36   W 29.98   89
16   79.7  95.1    16:33  67.3     5:47    0   15  0.00   0   9    13:39   W 29.92   82
17   74.2  81.6    10:18  65.0    23:59    0    9  0.86   0  13    10:45   W 29.82   90
18   69.3  82.4    17:13  57.3    23:59    1    6  0.00   0   8    13:21  NW 29.94   77
19   53.5  68.9    10:59  48.2     6:03    5    0  0.00   0   2     9:44   N 30.09   91
---------------------------------------------------------------------------------------
TOT  73.8  97.8   7/2/18  48.2  7/19/18   25  185  1.67   0  13  7/17/18   W 30.09   79

HEAT BASE: 65.0
COOL BASE: 65.0