NOAA-Style Climate Reports


Report for 2019 March
                  MONTHLY CLIMATOLOGICAL SUMMARY FOR 3/2019
                                        HEAT  COOL        
     MEAN                               DEG   DEG       WIND SPEED       DOM MEAN  MEAN
DAY  TEMP  HIGH   TIME     LOW   TIME   DAYS  DAYS RAIN AVG  HI  TIME    DIR BAROM HUM
---------------------------------------------------------------------------------------
1    31.3  38.5    14:01  24.0     3:55   34    0  0.01   0   8    13:03 WNW 30.27   76
2    34.3  39.7    13:11  30.8     5:52   31    0  0.09   0   8    14:58   W 30.08   88
3    33.8  40.9    12:39  27.5     6:23   31    0  0.00   0   5     1:54 NNE 30.05   79
4    29.6  37.1    16:07  19.4    23:59   35    0  0.15   1  13    17:41   W 29.89   72
5    19.1  30.6    15:29   6.9     5:08   46    0  0.01   1  12    13:01   W 30.05   65
6    15.9  24.8    15:28   6.0    23:56   49    0  0.00   1  12    11:04   W 30.19   64
7    17.4  30.5    17:18   3.5     3:34   48    0  0.00   0  11    11:00   W 30.32   74
8    26.9  38.3    11:34  19.4     6:53   18    0  0.00   0   4    10:20  NE 30.29   85
9    35.1  52.0    16:03  19.4     6:53   30    0  0.00   0   8    22:18  NE 30.28   68
10   40.3  49.1    14:29  33.4     4:25   24    0  0.23   0   9     9:08  NE 30.01   87
11   42.2  54.1    17:24  30.8     7:03   23    0  0.00   1  17    14:27   W 30.06   65
12   34.3  42.5    17:03  24.3    23:48   31    0  0.00   1  12    13:02  NE 30.26   59
13   35.2  51.9    13:54  18.2     7:30   29    0  0.00   0  11    14:31   W 30.30   68
14   49.7  66.3    15:14  33.3     7:34   15    0  0.00   0  11    14:51   W 30.08   66
15   62.8  75.4    16:52  49.3    23:58    4    2  0.00   1  17    10:38   W 29.74   63
16   41.0  49.3     0:00  31.0    23:58   24    0  0.00   1  17    17:35   W 30.01   57
17   33.7  43.9    16:31  23.1    23:56   31    0  0.00   1  14     9:17  NE 30.21   55
18   31.1  44.5    15:22  19.0     3:38   34    0  0.00   0  10    12:59  NE 30.30   64
19   32.4  47.5    15:49  18.0     7:19   33    0  0.00   0   8    14:13   W 30.41   66
20   36.9  56.5    16:28  18.8     6:48   28    0  0.00   0  14    13:38   W 30.32   63
21   41.5  44.3    17:01  36.5     5:01   23    0  0.55   0   7     0:09  NW 29.97   87
22   40.5  49.2    15:22  36.1     6:39   20    0  0.23   1  18    15:09  NE 29.53   82
---------------------------------------------------------------------------------------
TOT  34.6  75.4  3/15/19   3.5   3/7/19  641    2  1.27   0  17  3/11/19   W 30.13   70

HEAT BASE: 65.0
COOL BASE: 65.0