NOAA-Style Climate Reports


Report for 2017 November
                  MONTHLY CLIMATOLOGICAL SUMMARY FOR 11/2017
                                        HEAT  COOL        
     MEAN                               DEG   DEG       WIND SPEED       DOM MEAN  MEAN
DAY  TEMP  HIGH   TIME     LOW   TIME   DAYS  DAYS RAIN AVG  HI  TIME    DIR BAROM HUM
---------------------------------------------------------------------------------------
1    40.7  55.7    23:52  29.4     4:03   23    0  0.04   0  11    21:47 NNE 30.27   91
2    60.8  71.4    16:02  54.0     7:13    5    1  0.00   0   9    12:55   W 30.17   81
3    58.6  68.0    13:09  46.1    23:36   11    1  0.00   0   9    19:58   W 30.10   83
4    46.6  57.2    16:21  35.2     8:30   18    0  0.01   0   6     0:00 NNW 30.30   72
5    55.5  62.0    23:16  47.2     0:10    9    0  0.02   0  11     9:33   W 30.13   88
6    54.8  63.5    12:01  37.7    23:58   10    0  0.10   0   9    14:47  NW 29.99   87
7    36.9  40.8    13:03  33.1     3:30   26    0  0.08   0   6    10:14  NW 30.23   88
8    36.3  45.8    14:57  26.3    23:56   28    0  0.00   0   5    12:52  NW 30.27   84
9    35.7  44.6    13:00  23.6     6:03   28    0  0.11   0   7    14:00  NW 30.14   94
10   30.1  44.0     0:00  16.7    23:57   34    0  0.01   1  13     9:06 NNE 30.33   61
11   23.9  36.1    15:17  13.2     4:17   40    0  0.00   0   8    12:18 NNE 30.57   71
12   37.1  43.1    15:13  32.5     1:30   18    0  0.00   0   3    10:30 NNE 30.36   80
13   35.5  43.1    15:13  28.6    20:28   26    0  0.00   0   3    10:30 NNE 30.35   83
14   39.9  45.7    13:00  34.1     0:03   24    0  0.00   0   3    10:37 NNE 30.33   84
15   37.2  49.0    14:27  23.1     6:39   27    0  0.01   0   9    23:18   W 30.20   80
16   45.1  50.6    10:48  39.3    22:51   19    0  0.09   1  14    12:54   W 29.89   83
17   37.3  45.3    14:12  24.5    23:54   27    0  0.00   0  10     3:30   W 30.12   65
18   37.1  48.9    23:56  22.9     4:00   27    0  0.42   0  11    13:43   W 29.73   89
19   45.1  55.6     4:00  33.3    23:56   19    0  0.07   1  21     5:30   W 29.53   76
20   34.6  53.6    11:58  25.8     6:38   15    0  0.01   0  10    11:34   W 30.07   75
21   39.6  57.4    14:16  25.8     6:38   25    0  0.01   0  10    11:34   W 30.03   68
22   35.9  42.3    10:10  30.5     3:36   28    0  0.01   1  12    16:29   W 30.04   78
23   29.6  39.0    13:29  22.4     7:30   35    0  0.00   0   8    13:10   W 30.11   74
---------------------------------------------------------------------------------------
TOT  40.5  71.4  11/2/17  13.3 11/11/17  525    2  1.05   0  21 11/19/17   W 30.14   80

HEAT BASE: 65.0
COOL BASE: 65.0