NOAA-Style Climate Reports


Report for 2019 January
                  MONTHLY CLIMATOLOGICAL SUMMARY FOR 1/2019
                                        HEAT  COOL        
     MEAN                               DEG   DEG       WIND SPEED       DOM MEAN  MEAN
DAY  TEMP  HIGH   TIME     LOW   TIME   DAYS  DAYS RAIN AVG  HI  TIME    DIR BAROM HUM
---------------------------------------------------------------------------------------
1    45.8  52.2     9:32  37.2    23:56   19    0  0.00   1  14     9:49  NE 29.90   80
2    36.6  39.5    15:31  32.9     7:40   28    0  0.00   0   7    19:14 WNW 30.22   75
3    37.2  39.9    15:08  27.5    23:04   28    0  0.01   0  11    11:09   W 29.97   80
4    34.3  43.6    14:36  26.7     4:31   30    0  0.01   0  11    13:13   W 29.93   83
5    37.7  44.2    15:08  28.4    23:57   27    0  0.38   0   4    13:16  NW 29.64   94
6    36.2  44.2    10:50  28.1     0:31   29    0  0.00   1  16    11:39  NE 30.04   75
7    26.8  32.2    23:40  21.2     5:58   38    0  0.00   0  12     1:02  NW 30.41   63
8    36.5  43.1    13:22  30.4     0:28   28    0  0.34   0  10     4:51   W 29.91   89
9    36.1  40.6    11:43  29.7    23:36   29    0  0.00   2  14    11:50   W 29.68   73
10   29.4  32.9    15:18  26.3    23:58   36    0  0.00   2  15    15:28  NE 29.89   66
11   22.4  28.5    14:27  15.0    23:59   43    0  0.00   1  13    13:10  NE 30.32   57
12   21.8  29.1    15:50  12.6     3:33   43    0  0.00   0   4     9:30  NW 30.54   69
13   27.5  33.6    14:06  22.6    23:58   38    0  0.00   0   8    12:46  NW 30.39   64
14   20.2  31.6    15:10  10.7     6:11   45    0  0.00   0   4     9:51  NW 30.28   73
15   21.7  31.5    14:45  10.8     6:58   43    0  0.00   0   4    23:21   W 30.19   82
16   32.3  36.3    15:03  25.7     0:00   33    0  0.00   1  15    20:57   W 30.11   72
17   24.8  30.4    16:37  19.4     7:10   40    0  0.00   0   8    19:44  NW 30.32   62
18   30.1  35.2    13:17  24.7     5:38   35    0  0.02   0   9    17:01   W 30.12   86
19   31.1  34.2    12:39  29.4    18:13   34    0  0.00   0   6    14:45  NW 30.11   82
20   24.0  39.4     5:19   7.0    23:58   41    0  0.78   2  15    11:29  NW 29.62   81
21    5.8  11.4    15:32   0.1     7:22   59    0  0.00   1  13     0:00  NW 30.27   61
22   12.7  25.7    23:59  -1.6     7:24   52    0  0.00   0  11    21:14  NW 30.64   74
23   33.2  40.8    20:11  25.4     0:37   28    0  0.14   0  12    10:18  NW 30.21   72
---------------------------------------------------------------------------------------
TOT  28.9  52.2   1/1/19  -1.6  1/22/19  825    0  1.68   1  16   1/6/19  NW 30.12   74

HEAT BASE: 65.0
COOL BASE: 65.0