NOAA-Style Climate Reports


Report for 2018 February
                  MONTHLY CLIMATOLOGICAL SUMMARY FOR 2/2018
                                        HEAT  COOL        
     MEAN                               DEG   DEG       WIND SPEED       DOM MEAN  MEAN
DAY  TEMP  HIGH   TIME     LOW   TIME   DAYS  DAYS RAIN AVG  HI  TIME    DIR BAROM HUM
---------------------------------------------------------------------------------------
1    33.5  40.9    13:36  23.6     0:22   77    0  0.08   0   4     2:53   W 29.92   77
2    21.5  35.4     0:20  12.4    23:59  119    0  0.04   2  14    13:37 NNW 30.15   67
3
4    33.3  34.5    17:46  28.1     4:44   18    0  0.05   0  11     8:28 NNW 29.88   91
5    25.2  33.7     0:28  13.0    22:54   57    0  0.02   1  14     5:40   W 30.07   74
6    25.3  34.8    16:21  15.3     0:00   40    0  0.03   0  10    14:04   W 30.38   78
7    28.7  36.6    14:05  18.4     3:28   75    0  0.01   0  11    12:34 NNW 30.20   89
8    23.2  27.8    14:33  16.2    22:11  116    0  0.00   0  10     0:00 NNW 30.37   74
9    24.3  34.6    23:54  11.7     6:24   41    0  0.00   0   8    13:57   W 30.47   82
10   38.1  45.3    14:16  34.6     0:00   27    0  0.51   0   8     0:00   W 30.17   85
11   36.8  40.9    14:57  34.3     4:54   28    0  0.61   0   1    10:38   W 29.96   96
12   36.0  41.5    15:55  26.1    23:46   29    0  0.04   0  10     8:35  NW 30.40   68
13   28.6  40.9    16:21  16.8     6:38   36    0  0.01   0   8    21:56  NW 30.73   66
14   38.9  47.2    15:48  33.2     2:08   58    0  0.07   0   8    11:08   W 30.29   78
15   47.5  66.0    16:03  39.3     1:32   72    0  0.10   0   6    16:03   W 29.85   91
16   44.9  50.7    11:56  32.0    23:57   92    0  0.26   0  10    13:51   W 29.78   87
17   29.0  38.7    13:51  19.0     8:39   36    0  0.00   0   8    13:50   W 30.26   76
18   32.8  44.6    17:01  23.0     7:21   32    0  0.26   0   8     9:58 NNW 30.28   81
19   34.3  44.3    21:24  23.5     1:10   20    0  0.15   0  10    13:21   W 30.44   81
20   42.8  48.9    10:59  39.5     6:17   10    0  0.00   0   8     0:00   W 30.30   95
---------------------------------------------------------------------------------------
TOT  31.8  66.0  2/15/18   5.9   2/3/18  983    0  2.25   0  13   2/2/18 NNW 30.22   80

HEAT BASE: 65.0
COOL BASE: 65.0