NOAA-Style Climate Reports


Report for 2018 April
                  MONTHLY CLIMATOLOGICAL SUMMARY FOR 4/2018
                                        HEAT  COOL        
     MEAN                               DEG   DEG       WIND SPEED       DOM MEAN  MEAN
DAY  TEMP  HIGH   TIME     LOW   TIME   DAYS  DAYS RAIN AVG  HI  TIME    DIR BAROM HUM
---------------------------------------------------------------------------------------
1    46.0  53.1    15:27  32.9    23:23   19    0  0.11   0   8     1:07   W 30.00   62
2    37.1  47.9    15:19  29.6    23:58   28    0  0.44   0   7    15:48   W 30.12   80
3    37.6  41.4    23:58  29.2     0:10   27    0  0.34   0   8    10:21   W 30.03   91
4    46.3  54.1    11:18  34.3    23:03   18    0  0.06   1  24    15:09   W 29.64   76
5    34.9  44.5    15:24  25.4    23:56   30    0  0.00   1  16     0:45   W 30.08   54
6    40.9  58.2    15:40  24.2     3:35   24    0  0.01   1  15    17:20   W 29.89   72
7    38.1  45.9    15:28  24.6    23:58   50    0  0.00   1   9     4:36  NE 29.90   54
8    31.4  40.6    16:52  19.3     7:02   34    0  0.00   0  11    13:31  NE 29.98   59
9    35.5  48.1    14:43  22.3     6:45   25    0  0.00   0   8    17:09   W 30.16   63
10
11   46.9  52.6    17:24  19.3     6:18    9    0  0.00   0  11    18:12   W 30.11   54
12   51.8  66.4    18:03  36.8     0:25   13    0  0.01   0  10    11:39   W 29.94   69
13   65.4  85.6    16:20  46.2     2:38    6    6  0.00   0  13    18:41   W 29.82   56
14   59.2  79.7    15:09  44.8     6:04    8    2  0.00   0   8    16:21  NE 29.90   69
15   43.3  52.9     0:00  39.5    21:28   29    2  0.00   0  12    23:35 NNW 30.11   80
16   43.6  49.7    15:13  38.8    23:47   21    0  0.03   1  17     6:06   W 29.62   89
17   37.4  41.9    11:18  33.0    23:41   48    0  0.01   0  12    17:23   W 29.70   82
18   40.3  52.3    17:19  33.0     0:00   25    0  0.00   0  12    15:39   W 29.81   70
19   39.2  44.6    15:53  34.9    21:57   49    0  0.01   1  16    17:58  NE 29.85   78
20   34.7  35.6     0:13  34.0     3:59   54    0  0.00   1  11     0:34  NE 30.12   69
---------------------------------------------------------------------------------------
TOT  42.7  85.6  4/13/18  19.3   4/8/18  517   11  1.03   1  19   4/4/18   W 29.93   71

HEAT BASE: 65.0
COOL BASE: 65.0